r - 49. What is the remainder when g is divided by m?
13
Suppose -72 = -3*g + 3*l - 7*l, 3*l - 19 = -g. Let p = g + -23. Suppose -42 - 18 = -p*b. What is the remainder when 34 is divided by b?
10
Suppose -s = s - 148. Suppose 0*u + 2*u + 4*t = 34, 2*t - s = -4*u. Let k = 8284 + -8280. Calculate the remainder when u is divided by k.
3
Let x = 2758 - 2728. Let a(q) = -6*q - 1. What is the remainder when x is divided by a(-2)?
8
Suppose -4*f = -105 - 175. What is the remainder when f is divided by (-22 + 1)*(-10)/(-35)*-3?
16
Suppose -4*a - 51 - 137 = 0. Let z = a + 86. Calculate the remainder when 75 is divided by z.
36
What is the remainder when 138 + (-121)/11 + 1 + 6 is divided by 61?
12
Let c = -8085 - -8144. Let h(l) = 20*l + 1. Calculate the remainder when c is divided by h(1).
17
What is the remainder when 370 is divided by -1*(-621)/9 + 6?
70
Let h(y) = -y**3 - 5*y**2 + y + 4. Let o be h(-5). Suppose 3*x - j = 40, -3*j + 49 = 3*x + x. What is the remainder when x is divided by ((-18)/(-10) + o)*10?
5
Suppose -3*m + 9*v = 4*v - 191, -77 = -m - 5*v. Let g = -140 + 82. Let y = 75 + g. What is the remainder when m is divided by y?
16
Let v = 409 - 387. What is the remainder when 148 is divided by v?
16
Suppose -7 = l - 58. Let x(m) = -m + 39. What is the remainder when l is divided by x(26)?
12
Suppose -1 = w - d - 20, 5*w - 95 = -d. Suppose -2*o = -7*o. Let v = 7 + o. What is the remainder when w is divided by v?
5
Let m = 39 + -22. Calculate the remainder when (66/(-55))/((-8)/220) is divided by m.
16
Let m = 16 + -13. What is the remainder when m + 0 + (-1 - -1) + 121 is divided by 6?
4
Suppose -4*g - 4 = -4*o + o, -3*o - 20 = 2*g. Suppose s - 74 = 5*n, 2*s - 139 = -n + 31. Calculate the remainder when s is divided by (-5)/((-10)/o) - -24.
18
Suppose 4*v - 3*k - 102 = -v, v - 4*k - 17 = 0. Let n = -1 - -1. Suppose 4*j + n*j = 44. Calculate the remainder when v is divided by j.
10
Suppose 5*s - 2*q = 21 + 13, 5*s = -2*q + 26. Suppose 18*g = s*g + 216. What is the remainder when g is divided by 5?
3
Let m = -3 + 10. Let f = 658 - 649. What is the remainder when f is divided by m?
2
Suppose 32 = 2*d + 12. Let j be 6*-1*-14*1. Suppose -40*l + 37*l + j = 0. What is the remainder when l is divided by d?
8
Let u(c) = c + 29. Calculate the remainder when u(-6) is divided by (-61)/(-5) - (-4)/(-20).
11
Let d = 755 + -622. What is the remainder when d is divided by 26?
3
Let g(y) = 3*y + 88. Calculate the remainder when g(-17) is divided by 8.
5
Let a(l) be the second derivative of 47*l**5/20 - l**4/4 + l**3 - l**2 + 35*l. Calculate the remainder when 237 is divided by a(1).
45
Suppose -4 = l - 6. Suppose 4*x + 94 = 5*a + l*x, -96 = -5*a + 3*x. Calculate the remainder when 68 is divided by a.
14
Calculate the remainder when (2/2)/(14/2338) is divided by 29.
22
Let g(h) = -79*h - 306. Suppose 0 = -4*y + 2*y + 8. Suppose 0 = j - y*j + 18. What is the remainder when g(-4) is divided by j?
4
Let h(y) = -36*y + 984. Suppose 0 = -3*v + 3*b + 135, 0 = -2*v - 3*b + 5 + 65. What is the remainder when v is divided by h(27)?
5
Let a = -678 - -716. Calculate the remainder when a is divided by 8.
6
Suppose -3*m - 4*d - 5 = 0, 4*m - 5*d = 53 - 8. Calculate the remainder when 96 is divided by (m - 2)/((-2)/(-22)).
30
Let v(a) = -a**2 + 9*a - 11. Suppose -4*l + 5*k = 3*k - 28, 5*k - 2 = -2*l. What is the remainder when v(5) is divided by l?
3
Suppose 3*j = 35 - 5. Calculate the remainder when (1368/1368)/((2/(-36))/(-1)) is divided by j.
8
Suppose v = -65 + 128. Calculate the remainder when v is divided by 11.
8
Let r(j) = -58*j - 36. What is the remainder when r(-5) is divided by 76?
26
Let s(f) = -4*f - 11. Let r be s(-5). Suppose 4*n + r - 73 = 0. What is the remainder when 57 is divided by n?
9
What is the remainder when (6 - (26 - 12))/(1/(-30)) is divided by 65?
45
What is the remainder when (-9)/(-15)*-1 + 413/5 is divided by 43?
39
Suppose -2*k + 270 = 4*c - 104, 3*k - 563 = -5*c. What is the remainder when k is divided by 28?
23
Suppose 2*x + 17 - 89 = 4*l, -5*l - 109 = -3*x. Let q = x + -31. Calculate the remainder when q is divided by 5.
2
Suppose 900 = 2*g + 3*h, g + 2245 = 6*g + 5*h. What is the remainder when g is divided by 56?
55
Suppose -5*v + 158 = g, 3*v + 2*g = g + 96. Let b = 360 + -238. Calculate the remainder when b is divided by v.
29
Let u be (-1032)/(-16) + ((-1)/1)/(-2). Let o = u + -43. Suppose 58 = -5*v + 383. What is the remainder when v is divided by o?
21
Suppose 0*t - t = -1. Let p be (t - 0)/(5/(-30)). Let u = p + 12. Calculate the remainder when 16 is divided by u.
4
Suppose 2*l - 10 = -4*m - 14, 4*m = -4*l. Suppose 5*y + 4 = -3*w, 2*w = -0*y - 3*y - 1. Calculate the remainder when w is divided by l.
1
Suppose 87*w + 1320 = 98*w. Calculate the remainder when 232 is divided by w.
112
Let k = 1554 + -1421. What is the remainder when 275 is divided by k?
9
Suppose 3*f = -0*s + 2*s + 37, -17 = -f + 3*s. Let n(l) = l**2 - 10*l + 7. Calculate the remainder when 30 is divided by n(f).
12
Let u(i) = 4*i - 9. Let h be u(3). What is the remainder when 85 is divided by 6/((h/45)/((-3)/(-9)))?
25
Let s(c) be the third derivative of -c**6/120 - c**5/60 + c**4/6 - c**3/6 - 14*c**2. Calculate the remainder when 12 is divided by s(-3).
2
Calculate the remainder when 330 + (-13)/3 + (-30)/45 is divided by 41.
38
Let n = 45 - -1. Calculate the remainder when n is divided by 4/(-7) + (-296)/(-28).
6
Let s = 29 - 20. Let p(w) = w**3 + 4*w**2 - 8*w + 9. What is the remainder when p(-5) is divided by s?
6
Let r(w) = -4*w + 91. Calculate the remainder when r(17) is divided by 9.
5
Suppose -2*z = -491 + 461. What is the remainder when 149 is divided by z?
14
Let z(c) = 3*c - 6. Let s be z(3). Suppose 2*i + s = 9. Suppose 5*q + v = i*v + 25, -20 = 4*v. What is the remainder when 9 is divided by q?
0
Suppose 2*j + 5*x - 76 = 29, -93 = -2*j - x. Calculate the remainder when 79 is divided by j.
34
What is the remainder when ((-6)/(-7))/(94/3290) is divided by 15?
0
Suppose 5*d + 4*b = 272, -5*b - 27 - 39 = -d. Let n = d - 34. What is the remainder when n is divided by 8?
6
Suppose -80 = -4*o + 40. Suppose 0 = 3*s - 4*s + 5*b + 12, 4*s + 2*b = 70. Let g = o - s. Calculate the remainder when g is divided by 8.
5
What is the remainder when 158 is divided by 6/14 - (-91683)/1281?
14
Let b(c) = 4*c**2 + 3*c + 2. Suppose 6 = 2*m + i, -3*m - 2*i + 1 + 8 = 0. What is the remainder when b(-2) is divided by m?
0
Let o(b) = 2*b + 79. Calculate the remainder when o(-8) is divided by 13.
11
Suppose 4*p + a - 6*a + 42 = 0, -36 = 4*p - 2*a. Let t = p - -4. Calculate the remainder when (72/20)/(t/(-30)) is divided by 14.
13
Let j = -54 + 58. Calculate the remainder when 89 is divided by -3 - 21*j/(-8)*2.
17
Let x be 13/4 + (-5)/20. Suppose -139 = -x*l - 34. Calculate the remainder when 67 is divided by l.
32
Suppose 11 = 3*y - 1. Suppose 2 = 2*m - y. Suppose m*r - 52 = -r. Calculate the remainder when r is divided by 7.
6
Let f = 4 + 15. Suppose 0 = 5*n - 25, 2*n - f = -3*d + 63. Calculate the remainder when d is divided by 13.
11
Suppose 2*g - 52 = -0*g. Suppose 4*w - 14 - g = 0. Let q = 712 + -695. What is the remainder when q is divided by w?
7
Suppose -219 = 3*j + 4*w, 0 = -0*j - 5*j - 5*w - 370. Let c be 2/5 - j/(-5). What is the remainder when (-6)/10 - 369/c is divided by 9?
6
Suppose 3*w + 207 = 5*q, q + 3*w - 19 = -2*w. What is the remainder when q is divided by 4?
3
What is the remainder when 340 is divided by 18252/728 - 2/28?
15
Let n = 150 - 34. What is the remainder when n is divided by 3?
2
Let k be (7 - (-64)/(-10))*(-20)/(-6). What is the remainder when 167 is divided by (-51)/(-3*1/k)?
31
Suppose 38 + 32 = 5*h. Calculate the remainder when 52 is divided by h.
10
Suppose 316*n - 328*n = -84. What is the remainder when 11*(1 - 0) + 0 is divided by n?
4
Suppose -108*h + 99*h = -8496. What is the remainder when h is divided by 22?
20
Calculate the remainder when 3 + 26/(-8) + 522/8 is divided by 62.
3
What is the remainder when (0 - 1) + 29 + (-2)/(-2) is divided by 9?
2
Suppose -3*k + 3*v + 32 = k, -k - 2*v - 3 = 0. What is the remainder when 144 is divided by -2 + k - (-31 - (-6)/(-2))?
33
Suppose 0 = -q + h, 2*h = -4*q - 2*h - 16. Let d = 5 + q. Suppo